f 3537?
7
What is the thousands digit of 19844?
9
What is the tens digit of 2600?
0
What is the tens digit of 18806?
0
What is the ten thousands digit of 12376?
1
What is the hundreds digit of 1709?
7
What is the units digit of 163?
3
What is the tens digit of 868?
6
What is the hundreds digit of 6023?
0
What is the tens digit of 668?
6
What is the thousands digit of 3660?
3
What is the hundreds digit of 16435?
4
What is the units digit of 86?
6
What is the units digit of 841?
1
What is the tens digit of 1040?
4
What is the tens digit of 746?
4
What is the units digit of 25855?
5
What is the units digit of 3363?
3
What is the units digit of 2804?
4
What is the ten thousands digit of 12748?
1
What is the units digit of 7644?
4
What is the tens digit of 2183?
8
What is the hundreds digit of 7224?
2
What is the units digit of 7477?
7
What is the hundreds digit of 3638?
6
What is the units digit of 488?
8
What is the units digit of 1963?
3
What is the units digit of 77?
7
What is the hundreds digit of 1808?
8
What is the hundred thousands digit of 109440?
1
What is the hundreds digit of 369?
3
What is the hundreds digit of 2562?
5
What is the thousands digit of 33913?
3
What is the units digit of 830?
0
What is the tens digit of 13?
1
What is the units digit of 12875?
5
What is the hundreds digit of 5314?
3
What is the hundreds digit of 978?
9
What is the units digit of 5112?
2
What is the hundreds digit of 3422?
4
What is the hundreds digit of 326?
3
What is the thousands digit of 16693?
6
What is the ten thousands digit of 12906?
1
What is the tens digit of 33139?
3
What is the hundreds digit of 3228?
2
What is the thousands digit of 1604?
1
What is the hundreds digit of 12412?
4
What is the tens digit of 4681?
8
What is the hundreds digit of 2901?
9
What is the thousands digit of 2499?
2
What is the hundreds digit of 108?
1
What is the ten thousands digit of 84162?
8
What is the hundreds digit of 2025?
0
What is the hundreds digit of 1341?
3
What is the tens digit of 3757?
5
What is the units digit of 7836?
6
What is the tens digit of 3289?
8
What is the hundreds digit of 2325?
3
What is the units digit of 71?
1
What is the tens digit of 2107?
0
What is the units digit of 11564?
4
What is the hundreds digit of 12976?
9
What is the units digit of 720?
0
What is the units digit of 114?
4
What is the hundreds digit of 885?
8
What is the ten thousands digit of 68801?
6
What is the thousands digit of 10236?
0
What is the units digit of 1643?
3
What is the units digit of 43784?
4
What is the units digit of 5501?
1
What is the hundreds digit of 8369?
3
What is the ten thousands digit of 44478?
4
What is the hundreds digit of 1715?
7
What is the thousands digit of 13483?
3
What is the thousands digit of 1357?
1
What is the hundreds digit of 7984?
9
What is the units digit of 3480?
0
What is the ten thousands digit of 39493?
3
What is the tens digit of 865?
6
What is the hundreds digit of 45651?
6
What is the hundreds digit of 26356?
3
What is the thousands digit of 1019?
1
What is the tens digit of 2614?
1
What is the tens digit of 45804?
0
What is the units digit of 6992?
2
What is the units digit of 1086?
6
What is the hundreds digit of 3116?
1
What is the tens digit of 1000?
0
What is the thousands digit of 15943?
5
What is the tens digit of 16450?
5
What is the thousands digit of 2711?
2
What is the ten thousands digit of 69800?
6
What is the hundreds digit of 7445?
4
What is the tens digit of 1191?
9
What is the units digit of 507?
7
What is the tens digit of 1306?
0
What is the thousands digit of 20842?
0
What is the units digit of 12150?
0
What is the units digit of 7495?
5
What is the tens digit of 5385?
8
What is the tens digit of 5660?
6
What is the thousands digit of 82373?
2
What is the units digit of 12526?
6
What is the hundreds digit of 521?
5
What is the hundreds digit of 89466?
4
What is the hundreds digit of 6949?
9
What is the units digit of 5946?
6
What is the thousands digit of 1984?
1
What is the hundreds digit of 1213?
2
What is the tens digit of 191?
9
What is the hundreds digit of 1260?
2
What is the units digit of 93?
3
What is the tens digit of 87?
8
What is the hundreds digit of 229?
2
What is the units digit of 9579?
9
What is the ten thousands digit of 52458?
5
What is the ten thousands digit of 91924?
9
What is the ten thousands digit of 43463?
4
What is the thousands digit of 12077?
2
What is the thousands digit of 6438?
6
What is the thousands digit of 184953?
4
What is the units digit of 18527?
7
What is the hundreds digit of 24444?
4
What is the units digit of 322?
2
What is the thousands digit of 1297?
1
What is the ten thousands digit of 40161?
4
What is the tens digit of 95383?
8
What is the tens digit of 273?
7
What is the thousands digit of 6583?
6
What is the units digit of 213?
3
What is the units digit of 7363?
3
What is the units digit of 16660?
0
What is the thousands digit of 15415?
5
What is the tens digit of 8116?
1
What is the thousands digit of 7425?
7
What is the tens digit of 10116?
1
What is the thousands digit of 1571?
1
What is the hundreds digit of 389?
3
What is the units digit of 339?
9
What is the thousands digit of 3321?
3
What is the units digit of 21?
1
What is the hundreds digit of 186?
1
What is the thousands digit of 1780?
1
What is the hundreds digit of 8770?
7
What is the hundreds digit of 15900?
9
What is the thousands digit of 47108?
7
What is the tens digit of 9238?
3
What is the units digit of 1319?
9
What is the units digit of 346?
6
What is the hundreds digit of 5226?
2
What is the units digit of 824?
4
What is the units digit of 3990?
0
What is the hundreds digit of 30242?
2
What is the thousands digit of 18414?
8
What is the hundreds digit of 1455?
4
What is the hundreds digit of 33642?
6
What is the tens digit of 2081?
8
What is the tens digit of 57968?
6
What is the tens digit of 33064?
6
What is the tens digit of 27757?
5
What is the tens digit of 25929?
2
What is the thousands digit of 1952?
1
What is the tens digit of 3742?
4
What is the ten thousands digit of 54009?
5
What is the hundreds digit of 9383?
3
What is the units digit of 752?
2
What is the thousands digit of 1231?
1
What is the hundreds digit of 417?
4
What is the hundreds digit of 5927?
9
What is the hundreds digit of 293?
2
What is the units digit of 3588?
8
What is the hundreds digit of 12924?
9
What is the hundreds digit of 65248?
2
What is the tens digit of 8816?
1
What is the units digit of 86167?
7
What is the tens digit of 131824?
2
What is the thousands digit of 53594?
3
What is the hundreds digit of 43741?
7
What is the ten thousands digit of 26887?
2
What is the hundreds digit of 7003?
0
What is the thousands digit of 30633?
0
What is the thousands digit of 39610?
9
What is the hundreds digit of 1822?
8
What is the ten thousands digit of 68232?
6
What is the tens digit of 28694?
9
What is the ten thousands digit of 13689?
1
What is the hundreds digit of 6028?
0
What is the tens digit of 45367?
6
What is the units digit of 302?
2
What is the thousands digit of 8953?
8
What is the thousands digit of 1618?
1
What is the thousands digit of 1434?
1
What is the tens digit of 17893?
9
What is the hundreds digit of 1180?
1
What is the tens digit of 931?
3
What is the thousands digit of 7404?
7
What is the units digit of 2966?
6
What is the tens digit of 879?
7
What is the thousands digit of 2679?
2
What is the tens digit of 156?
5
What is the thousands digit of 12894?
2
What is the tens digit of 161?
6
What is the hundreds digit of 2459?
4
What is the units digit of 10117?
7
What is the units digit of 25486?
6
What is the hundreds digit of 19484?
4
What is the hundreds digit of 47605?
6
What is the thousands digit of 3001?
3
What is the tens digit of 1978?
7
What is the hundreds digit of 849?
8
What is the units digit of 433?
3
What is the thousands digit of 2833?
2
What is the ten thousands digit of 39862?
3
What is the thousands digit of 11039?
1
What is the hundreds digit of 169?
1
What is the hundreds digit of 916?
9
What is the ten thousands digit of 25327?
2
What is the thousands digit of 25601?
5
What is the thousands digit of 3256?
3
What is the units digit of 521?
1
What is the units digit of 16